 + 4*u**3 + 3*u**2/2 - 39*u. Let x be n(-6). What is the highest common divisor of 65 and x?
13
Let z = 1231 + -1079. What is the highest common factor of 114 and z?
38
Suppose 284 = -5*y - 326. Let x = y - -212. What is the highest common factor of 18 and x?
18
Let u(n) = 63*n**2 + n - 2. Let r be u(-1). Suppose -165 = -6*y - 93. Calculate the greatest common divisor of r and y.
12
Suppose -5*y - 2*k + 26 + 24 = 0, 5*y = -3*k + 50. Let u = -2 + y. Let q be 3/((18/80)/3). What is the highest common divisor of q and u?
8
Let s(f) be the second derivative of f**3 + 20*f**2 + 20*f. Let t be s(0). What is the highest common factor of t and 100?
20
Let r(k) = -k**3 - 26*k**2 - 28*k + 67. Let n be r(-25). What is the greatest common divisor of 497 and n?
71
Suppose 692 = -36*p + 7604. Calculate the greatest common factor of 32 and p.
32
Suppose 582 = 40*i - 34*i. What is the greatest common factor of i and 1843?
97
Let j(c) = -8*c - 31. Let p be j(-11). Let w = 60 - p. Calculate the highest common divisor of w and 9.
3
Let l = 45 + -73. Suppose 4*s - 375 = 3*r - 144, 0 = -5*s - r + 303. Let x = s + l. What is the highest common factor of 16 and x?
16
Suppose 0 = -3*n + 35 + 22. Let l = -7 + n. Let y be 1 + 12/(-4) - -38. What is the greatest common divisor of y and l?
12
Let p(k) = k + 23. Let y be p(-13). Calculate the greatest common divisor of y and 230.
10
Let i(c) = -3*c**2 + 20*c + 42. Let u be i(8). Calculate the highest common factor of u and 650.
10
Let z(l) = -1. Let g(y) = y + 4. Let u(q) = g(q) + 4*z(q). Let h be u(2). What is the highest common divisor of 2 and h?
2
Let g(v) = v**2 - 7*v - 39. Let m be g(-9). Calculate the greatest common divisor of m and 60.
15
Suppose 30 = -b - 4*m, m = -2*b + 6*m + 5. Let p be 51/15 + (-6)/b. What is the greatest common divisor of p and 1?
1
Let i(d) = -14*d - 24. Let h be i(-5). What is the greatest common factor of h and 69?
23
Let q(s) = 2*s + 5. Let v be q(6). Let k = -14 + v. What is the greatest common factor of 30 and k?
3
Let s = -40 + 54. Let n(i) = i**3 - 13*i**2 - 7*i - 2. Let x be n(s). What is the highest common divisor of x and 12?
12
Let j(o) = -o**3 - 2*o**2 + 25*o - 14. Let p be j(-7). Calculate the highest common factor of p and 112.
56
Let o(f) = 3*f - 5. Let p(y) = y**2 - y + 1. Let g be p(3). Let x be o(g). Suppose -j = j - x. Calculate the greatest common factor of j and 1.
1
Let z(p) = -7*p - 70. Let c be z(-12). What is the greatest common factor of 378 and c?
14
Let j(u) = -u**3 - 11*u**2 + 52. Let h be j(-12). What is the highest common divisor of 140 and h?
28
Let r = 6305 + -4485. Calculate the highest common divisor of r and 65.
65
Let y be (-4)/(-10) + (-162)/(-45). Let a be 8/(-2)*(-2)/y. Suppose 4*k - 30 = a. Calculate the highest common divisor of 1 and k.
1
Let y(n) = -n**2 + 143*n - 819. Let i be y(6). What is the greatest common divisor of 321 and i?
3
Let z be 35/10*(-4)/(-7). Let b(c) = -c**3 + z*c**3 - 7 + 3 + 8*c. Let m be b(5). Calculate the greatest common divisor of 23 and m.
23
Let d(l) = -l**2 + 17*l - 9. Let r be d(16). Suppose -4*s = 4*q - 58 - 322, -5*q = 4*s - 384. What is the highest common factor of s and r?
7
Let g = -1733 - -1775. What is the highest common factor of 15 and g?
3
Let d = 45 + -11. Suppose 2*h + m + m = -d, 0 = 2*h - 2*m + 50. Let w = h - -27. What is the greatest common divisor of w and 15?
3
Suppose -4*z + 36 = -2*z. Suppose -31 = -4*j + d + 21, 0 = -j - d + z. Let t = 22 - j. Calculate the greatest common factor of t and 40.
8
Let w(k) = 2*k + 60. Let t be w(6). Calculate the greatest common divisor of 9 and t.
9
Let k(a) = a**2 - 12*a - 244. Let b be k(23). Suppose 0 = 3*c + 2*c - 25. Suppose c - 23 = -3*p. What is the greatest common divisor of p and b?
3
Let t = 10 + -16. Let u be (15/(-10))/(t/16). Suppose m + u*i - 22 = 0, 2*m = -0*m - 5*i + 41. Calculate the greatest common factor of 27 and m.
9
Let u(l) = -l + 1. Let s = -11 + 3. Let p be u(s). Suppose -35 = 8*i - p*i. What is the greatest common factor of i and 7?
7
Let z be (-12)/(-21)*(-14)/(-4). Suppose -z*u + 24 + 72 = 0. What is the greatest common factor of 16 and u?
16
Let t = 289 - 274. Calculate the greatest common factor of t and 375.
15
Let f be 3/(-9) + 10/(-6). Let b be (f - 133 - -2)/(-1). Suppose 5*s - b = -13. Calculate the highest common factor of 36 and s.
12
Let y = -75 - -300. Let u = -195 + y. Let x(v) = -v**3 - 4*v**2 - 2*v - 5. Let p be x(-4). What is the greatest common factor of u and p?
3
Suppose -6 = -3*y - 5*l, 2*y - 12 - 14 = 4*l. Let w = y + 4. Suppose -802 = 125*z - 2177. Calculate the greatest common divisor of z and w.
11
Suppose 14*k - 9*k = 10. Let l(o) = -8*o - 2. Let q be l(k). Let s be 81/q*(-11 - -1). Calculate the greatest common divisor of s and 18.
9
Let g be (295 - -2) + (-25 - -16). What is the highest common divisor of g and 360?
72
Let r be (4 - 10)*34/(-4). Let h be ((-2)/(6/r))/(-1). Suppose -5 = 2*t - h. Calculate the greatest common factor of t and 18.
6
Let c be 79*(1 + 2) + (-4 - -1). Suppose -6 = 4*t - c. What is the highest common factor of t and 38?
19
Let n be (-52)/(5/(-2) + 2). Let p be 2/7 - n/(-28). Suppose 6*y - l = y + 31, 29 = p*y - 5*l. What is the highest common divisor of y and 66?
6
Let k(p) = -5*p + 143. Let n be k(26). What is the highest common divisor of n and 104?
13
Let t(n) = 2*n + 273. Let r be t(0). Suppose -5*f + r - 23 = 0. Calculate the highest common factor of f and 20.
10
Let m = 0 + 8. Let n be (-9)/(-6) + 12/m. Suppose 0 = 3*c - 5*f - 355, -2*c - 4*f - 116 = -n*c. What is the highest common divisor of 48 and c?
24
Let m be (-75)/(-18) + 35/42. Suppose -t = 4*t + 3*k - 62, 0 = -3*t - k + 34. What is the greatest common divisor of m and t?
5
Let q = 105 - 61. Calculate the greatest common divisor of 4 and q.
4
Let t be -15 + 81 + 1*-4. Calculate the highest common factor of t and 93.
31
Let l = -797 - -1847. What is the highest common divisor of l and 21?
21
Suppose 12 + 13 = -5*h, 0 = -5*c - h + 835. Calculate the highest common divisor of c and 36.
12
Let d(c) = 27*c**3 + 5*c**2 + 2*c - 1. Let r be d(-5). Let x be r/(-33) + 4/22. What is the highest common divisor of x and 11?
11
Let k = -132 - -139. Suppose k*j + 165 = 1859. Calculate the highest common factor of j and 22.
22
Let f = 12 + -7. Suppose 0 = -2*p - 5*j + 667, 4*j = -7*p + f*p + 670. What is the highest common divisor of p and 31?
31
Suppose a + 6 = -1. Let b be (0 - -33)*(a + 8). What is the highest common divisor of 132 and b?
33
Suppose -7*f = -4549 - 5363. What is the greatest common factor of 8 and f?
8
Let v(y) = y**3 - 7*y**2 + y - 1. Let g be 21/(-6)*(2 - 4). Let s be v(g). Let d = 17 + -5. What is the greatest common divisor of d and s?
6
Let a = -50 - -206. Calculate the greatest common divisor of a and 6.
6
Let a be ((-1)/2)/(2/(-4)). Let s be 1 + 60 - (a + -3). Let j be (-20 + -1)*96/(-72) + (-6 - 1). Calculate the highest common factor of j and s.
21
Let s = 9 + -9. Suppose -5*o - 5*f + 24 = -2*o, 3*f = s. Let p be (-72)/126 + (-2 - (-102)/7). Calculate the highest common divisor of o and p.
4
Let t(o) = 2*o**2 + 36*o - 365. Let b be t(8). What is the greatest common factor of b and 9?
3
Let c(t) = 4*t**3 + 13*t - 18. Let z be c(2). What is the highest common divisor of 390 and z?
10
Suppose 1013 = 3*p + k, -3*p = -k + 289 - 1304. Suppose -102 - p = -8*d. Calculate the highest common divisor of 55 and d.
55
Let b(t) = -8*t - 1. Let r be b(-5). Let l be (13/r)/((-2)/(-114)). Suppose 0 = 6*u - 77 - l. Calculate the greatest common factor of u and 176.
16
Let i = -461 + 1396. Calculate the highest common factor of i and 17.
17
Suppose 18 = -4*l + 2*m - 24, -3*l + 4*m - 24 = 0. Let y be 4/24 - 286/l. Calculate the greatest common divisor of 24 and y.
24
Suppose -4*x - 124 + 36 = 0. Let w be (-988)/(-11) - 4/x. Let d be ((-108)/w)/((-2)/25). Calculate the highest common divisor of 6 and d.
3
Let f(i) = i**3 + 7*i**2 + 10*i + 8. Let u be f(-6). Let c = 13 + u. Let j be 24 - 2*c/2. What is the highest common divisor of 3 and j?
3
Suppose -10*k + 18 = -4*k. Suppose -i = -0*i - 2. Suppose -i*y + 460 = k*y. Calculate the highest common factor of y and 23.
23
Let t = -13 - -7. Let r be (t/(-4) - 1)*2. What is the highest 